rime factors of f.
1597
Suppose 2*f = f + 5. Suppose -a + 2*p = -5*a + 86, f*a - 85 = 2*p. What are the prime factors of a?
19
Let n = 156 + -160. What are the prime factors of (-767)/n + 1 + (-15)/20?
2, 3
Let u = 582 - 254. List the prime factors of u.
2, 41
Suppose 4*k + 235 = 707. What are the prime factors of (-4)/(-8)*-4 + k?
2, 29
Let x(f) be the second derivative of f**3/6 + f. Let j be x(8). Suppose 3*k + j = 5*k. List the prime factors of k.
2
Suppose 19*g = 14*g + 2395. List the prime factors of g.
479
Let c(u) = -301*u - 294. List the prime factors of c(-14).
2, 5, 7
Let j(q) = -51*q + 180. What are the prime factors of j(-56)?
2, 3, 11, 23
Let x = 57 + -102. Let h = -75 - x. Let t = 52 + h. List the prime factors of t.
2, 11
Suppose -4*t + h = -47, -9 = -5*h - 4. Let u = 23 - t. What are the prime factors of u?
11
Let z(k) = 58*k**2 + 2*k - 3. Let g be z(-3). Let y = -17 - -11. What are the prime factors of y/(-8) + g/36?
3, 5
Let x = -6 - -21. Suppose 4*t - x = -t. Suppose -2*j = -q - 43, t*j + 0*q - q - 66 = 0. What are the prime factors of j?
23
Let a = 366 + -226. List the prime factors of (-116)/(-29) + a + 1.
5, 29
Let t be 25/10 + -3 + (-2)/4. What are the prime factors of 7 + 146 + -2 - (-3 + t)?
5, 31
Let q(n) = -n**2 - 8*n - 9. Let i be q(-7). Let y = i - -10. What are the prime factors of y?
2
Let n(x) = -x**3 + 14*x**2 - 4*x - 4. What are the prime factors of n(11)?
3, 5, 7
Let g(d) = -d**2 - d + 17. Let f be g(-4). Let q = 25 - f. List the prime factors of q.
2, 5
What are the prime factors of 12 + 3590 + 3 + 8/2?
3, 401
Let t = 1427 - 374. What are the prime factors of t?
3, 13
Let j = -11 + 1. Let f = j - -12. Suppose 0 = -4*s + q + 58, s + f*q - 66 = -4*s. What are the prime factors of s?
2, 7
Let y(z) = 12*z**2 + 32*z + 194. What are the prime factors of y(-7)?
2, 3, 31
Suppose 0 = -0*l + 2*l - 32. Let y = -11 - -15. Suppose y*s - 4*n - 51 = -3, s = 5*n + l. List the prime factors of s.
11
Let v = 2422 - 1697. What are the prime factors of v?
5, 29
Let k = 42 - 9. Let r = k + 33. List the prime factors of r.
2, 3, 11
Let n = -11 + 18. Let q be (12/(-10))/(n/35). What are the prime factors of (-117)/(-6)*(-8)/q?
2, 13
Suppose 2012 = 3*j - 1177. What are the prime factors of j?
1063
Suppose 67*c - 63*c - 5211 = -3*f, 1748 = f + 5*c. What are the prime factors of f?
1733
Let c(d) = -d**2 + 8*d - 4. Let x be c(8). Let t be 1 + 0 + 68 + x. Let s = 112 - t. List the prime factors of s.
47
Suppose 3*h + 9 = 6*h. Suppose -h*u + 704 = -4*l, -3*l + 3 = 18. What are the prime factors of u?
2, 3, 19
Suppose -b + 75 = -5*m, -2*m + 125 = 3*b + 3*m. What are the prime factors of b?
2, 5
Suppose 1482 = 3*l + 3*a, a = 2*l - 0*a - 973. What are the prime factors of l?
3, 163
Suppose 0 = -0*z + 2*z + 3*y + 1329, -y = 3. Let o be (2/(-6))/(10/z). Suppose -2*b + 106 + o = 0. What are the prime factors of b?
2
Let z(j) = -2*j + 20. Let t be z(12). List the prime factors of (-184)/(-3)*((-1)/t + 2).
2, 3, 23
Let j(g) = g + g**3 - 3 + 0*g**2 + 3*g**2 + 1 + g. Let k(o) = o. Let p(u) = -j(u) + 3*k(u). List the prime factors of p(-4).
2, 7
Let u(b) = b**3 + 2*b + 5*b - 24*b**2 - 7 + 35*b**2. What are the prime factors of u(-10)?
23
Let l = 7 + 302. What are the prime factors of l?
3, 103
Suppose -x = 2, 0 = 5*g - 4*x + 241 - 884. Let q = g - 25. Suppose 2*v = -4*f + q, -19 = -3*f - 4*v + 55. What are the prime factors of f?
2, 13
Let o = 282 - 115. Let c = o + -14. List the prime factors of c.
3, 17
Suppose 19*i - c = 16*i + 1079, -2*i + 742 = 5*c. What are the prime factors of i?
19
Suppose -3*q = -2 - 4. Let s be 42/18 + q/3. Suppose s*h - 57 = -3*l, 0 = -3*l - 3*h - h + 56. What are the prime factors of l?
2, 5
Let d = 16 + -2. Let w be 40/18 - ((-8)/36)/(-1). Suppose -d = -5*r - n, w*r + r - 26 = -5*n. List the prime factors of r.
2
Suppose -q + 5*c = -152, 45 = q + 3*c - 107. Suppose i = -2*x + 3*i + q, -3*i = 9. List the prime factors of x.
73
Suppose 4*a + 16 = -2*d - 0*a, -5*a - 30 = 5*d. Let t = d - -2. List the prime factors of (-4 + 2 + 1)*t.
2
Suppose 5*i - 3*z + 6 = 5, -7 = -3*i - 2*z. List the prime factors of (-1150)/(-40) + i/4.
29
Suppose 107*h - 100*h = 9632. List the prime factors of h.
2, 43
What are the prime factors of 1275 - -2 - (-5 - (-8 - 0))?
2, 7, 13
Suppose -2*l + 12 = -3*q - 6*l, -5*q + 15 = -5*l. Suppose 0*d - 4*d + 5*t + 212 = 0, q = 3*t + 12. List the prime factors of d.
2, 3
Let f(h) = -4*h**3 + 9*h**2 + 2*h + 7. Let t(q) = -3*q**3 + 8*q**2 + q + 6. Let y(n) = -4*f(n) + 5*t(n). Let v be y(-7). List the prime factors of 1/(-3) - v/3.
41
Let k(x) be the second derivative of -x**4/12 - 5*x**3/2 + x**2 + 4*x. List the prime factors of k(-10).
2, 13
Let h be -144 + -5 + -3 + 12. Let n = -70 - h. What are the prime factors of n?
2, 5, 7
Let u(m) be the second derivative of -7*m**6/240 + m**4/12 + 6*m. Let s(h) be the third derivative of u(h). List the prime factors of s(-1).
3, 7
Let x = -53 + 102. Suppose 0 = -2*v - 15 + x. What are the prime factors of v*1 + 14 + -17?
2, 7
Let j = -406 + 846. What are the prime factors of j?
2, 5, 11
Let t be (1 - (-21)/6)/(3/78). Let n = t + 96. List the prime factors of n.
3, 71
Suppose -97*o = 22086 - 367697. List the prime factors of o.
7, 509
Let g(i) = i**3 + 5*i**2 + i - 3. Let h be g(-3). List the prime factors of (-41)/(-6) - (-1 - (-10)/h).
7
Let n = -128 - -254. Suppose -2*k - 3*q + q = -264, 0 = k + 4*q - n. What are the prime factors of k?
2, 67
Let c = 1342 - 617. List the prime factors of c.
5, 29
Let w(n) = 7*n**2 - 59*n - 21. List the prime factors of w(22).
2069
Let a be (-24)/(-18)*6/8. List the prime factors of (19/4 - 4)/(a/164).
3, 41
Let i = -49 + 265. What are the prime factors of i?
2, 3
Suppose -t - 6 = -11, -2*t + 3560 = 5*l. List the prime factors of l.
2, 5, 71
Let b(g) = -g**3 + 10*g**2 - 10*g + 8. Suppose -8 = -2*i + 4*q, -2*i + 2*q + 24 = 6*q. Let u be b(i). Suppose 34 = 5*k - u. List the prime factors of k.
2, 3
Let o(z) = 1797*z**3 - 3*z**2 + 5*z. List the prime factors of o(1).
7, 257
Let m(z) = 17*z - 11. Let q be m(-13). Let u = -71 - q. List the prime factors of u.
7, 23
Suppose -4*u - 11 = 1. What are the prime factors of ((-15)/10)/(u/66)?
3, 11
Suppose -3*a - 3*a = 0. Let k(h) = -h. Let d be k(a). Let z = d + 12. List the prime factors of z.
2, 3
Suppose -3*g + 10 = -2. Suppose -g*q = 5*q - 1080. List the prime factors of q.
2, 3, 5
Let t = 2 + 508. What are the prime factors of t?
2, 3, 5, 17
Suppose 0 = -m - 6 + 8. What are the prime factors of m/((-6)/(-81)) - 0/4?
3
List the prime factors of 0 + (-6)/(72/582)*-6.
3, 97
Let g be -7 + 5 - (-8 - -4). Suppose -g*a + 3*a - 3*z - 120 = 0, -a - 4*z = -134. What are the prime factors of a?
2, 3, 7
Let b(s) = 22*s - 14. Let n be b(6). Suppose 0 = 4*q - 3*q - n. What are the prime factors of q/6 - 4/(-12)?
2, 5
Let d(b) = 11*b - 2. Let w(z) = -z - 1. Let x(p) = d(p) + w(p). List the prime factors of x(5).
47
Let o be (-16)/8 + 8/2. List the prime factors of ((-651)/(-28))/((-2)/(-32)*o).
2, 3, 31
Suppose -10*d = -1702 - 4948. Suppose 4*j + 3*j - d = 0. What are the prime factors of j?
5, 19
Suppose 0 = 4*l - 4, -13*j - 4041 = -15*j + 5*l. List the prime factors of j.
7, 17
Suppose 0 = u - 3*v - 9, 4*u + 6*v - v + 49 = 0. Let z be u/10 - 835/25. Let m = z + 80. What are the prime factors of m?
2, 23
Let d be (-11 - -5)*4/(-3). What are the prime factors of (1020/d)/(3/4)?
2, 5, 17
Suppose y - 3*m + 3 + 8 = 0, 0 = -4*m + 4. Suppose -n = -4*v + 154, -3*v + 6*n = 2*n - 109. Let i = v + y. What are the prime factors of i?
31
Suppose 4*h = -z + 9440, 5*z + 7080 = -3*h + 6*h. What are the prime factors of h?
2, 5, 59
Suppose -44*x + 61*x = 1938. Let g = 21 + -15. Suppose g*z - 3*z = x. List the prime factors of z.
2, 19
Suppose -3*k + 8*k - 2*f = 45, k = -4*f + 31. List the prime factors of k.
11
Let m(b) = -4*b**2 - 79*b + 29. List the prime factors of m(-13).
2, 5, 19
Suppose -q - 2*s = 2*q - 2917, 5*q - 2*s = 4867. Suppose 4*l - q = -3*l. What are the prime factors of l?
139
Suppose 13 = r - 4*k, -2*r - 2*r - k + 1 = 0. Let c(g) = 83*g + 4. List the prime factors of c(r).
3, 29
Suppose 8 = -p + 23. Suppose 0 = 2*i - p - 1. List the prime factors of i.
2
Let m = 447 - -50. What are the prime f